t common divisor of m and d.
12
Let w be (-14)/(-2)*7/(7/2). Suppose 0 = -6*g + 7*g - w. What is the greatest common divisor of g and 28?
14
Suppose -3*c = 5*p + 418, 4*c + 163 = -2*p - 371. Let x = c - -545. What is the highest common divisor of x and 46?
46
Suppose 0 = -5*r + 4*f + 3434, 0 = -121*r + 117*r - 5*f + 2698. What is the highest common divisor of r and 186?
62
Let i = 91 + -98. Let t be 0 + i/(-5) + (-28)/70. What is the greatest common divisor of 4 and t?
1
Suppose 2*t - 4*t - 1000 = 3*k, 0 = t + 3*k + 500. Let m = -329 - t. Calculate the highest common factor of m and 228.
57
Let o be (2 + (-369)/6)*(-2928)/84. What is the highest common factor of 34 and o?
34
Suppose 429*y = 972 + 3318. What is the greatest common divisor of 42880 and y?
10
Let l be (2/2)/((-4)/(-16)). Suppose 10 = -l*x + 6*x. Suppose 0*t - 4*t - 5*n + 565 = 0, x*n - 700 = -5*t. What is the greatest common factor of t and 27?
27
Let c(j) = 16*j**2 - 62*j - 236. Let u be c(-4). What is the greatest common factor of 92 and u?
4
Let s = 9374 + -5190. Calculate the greatest common factor of 16 and s.
8
Suppose 15*d - 2291 - 2029 = 0. Suppose -456 - d = -j. Calculate the highest common factor of 24 and j.
24
Suppose 0 = -6*m + 2 + 22. Suppose 22 = 4*j + 2, -421 = -m*y - j. Calculate the greatest common divisor of 26 and y.
26
Let y(c) = -4*c**3 + 44*c**2 + 8*c - 8. Let q be y(11). What is the highest common factor of 784 and q?
16
Let f be (-130)/(-18) + (460/(-45) - -10) + 23. Calculate the greatest common factor of f and 918.
6
Suppose 190 = 208*y - 189*y. Let b be (y + (-27 - -11))/(1/(-6)). What is the greatest common divisor of 54 and b?
18
Suppose -3*o = 72 - 192. Let i be (-5 - 4) + (2 - -1)/(-3). Let s be 100*i/(-16)*(-16)/(-10). Calculate the greatest common divisor of o and s.
20
Let h = -108 + 62. Let q = h - -262. Calculate the greatest common factor of 27 and q.
27
Let l be 684/(-912) - (-294)/8. What is the greatest common divisor of 3105 and l?
9
Let q be (-2)/(-17) + (249/51 - 3). Suppose 0 = 4*j - q*u - 616, 2*j + 3*u + 164 = 3*j. What is the greatest common factor of j and 38?
38
Suppose 4*a - 5*t - 20145 = -4625, 7*a - 27160 = 3*t. Calculate the highest common divisor of a and 40.
40
Let v = 12099 - 11935. What is the highest common factor of v and 5371?
41
Let k = -22 + 29. Let z(y) = 2*y**2 - 51*y - 60. Let h be z(27). Calculate the greatest common divisor of h and k.
7
Let w be (-6)/(-33) - 5*(-37095)/825. What is the highest common factor of w and 27?
9
Let c be (-104)/5*50/(-4). Let f = -3873 - -3881. What is the greatest common factor of f and c?
4
Let h be 22175/55 - 5/(55/2). Calculate the highest common divisor of 156 and h.
13
Suppose -2*p - n = 20, -2*p - p - 2*n = 32. Let c be 1188/(14 + p) + (-10)/(-2). Calculate the greatest common factor of 7 and c.
7
Suppose -5*s = -129 - 81. Let t be (9/(-2) + 0)/((-6)/(-160)). Let v = 126 + t. Calculate the greatest common divisor of v and s.
6
Let l(x) be the first derivative of -2*x**2 - 57*x - 19. Let i be l(-16). Suppose 58 = -i*o + 8*o. What is the highest common factor of o and 87?
29
Let l be (-7 - -7)/(1 - 0) - 3. Let p be -1 + 13 - (-18)/l. Calculate the greatest common divisor of 138 and p.
6
Let i = 3156 - 3111. What is the greatest common factor of 585 and i?
45
Suppose 12*f = 6*f. Let d(w) = -11*w - 4 - 19*w + f*w**2 - w**2 - 7. Let a be d(-19). Calculate the highest common factor of a and 22.
22
Let g be (-1442)/(-28) + 1/(-2) + 1. Suppose -5*i = -2*h - 233, 2*i - 94 = -2*h + 3*h. Let o = g - i. Calculate the highest common divisor of o and 42.
7
Let b be (6/(-16)*2)/((-5)/20). Suppose 5*p = -3*w + 93, 5*w - 177 = b*p - 4*p. Let d be 4/(-20) - (-121)/5. Calculate the highest common divisor of w and d.
12
Let p be 5 + (-48)/9 + (-46)/(-3). Let b be (-9)/(81/42)*9. Let q = 57 + b. Calculate the greatest common factor of p and q.
15
Suppose 0 = 4*m - 4*j - 1056, 0 = 1268*m - 1270*m + 5*j + 528. Calculate the highest common factor of 4576 and m.
88
Let q = -2 - -8. Suppose 9*f + 6 - 33 = 0. Let m be (0 - 3)*(f - 4). What is the greatest common divisor of m and q?
3
Let f(x) = -70*x + 3. Suppose 3*o = -8 - 4. Let l(h) = 141*h - 5. Let n(c) = o*l(c) - 7*f(c). Let t be n(-7). Calculate the highest common factor of 47 and t.
47
Suppose 0 = -s - 51*s + 124488. What is the highest common divisor of s and 36?
18
Let m = -8 + 10. Suppose 7*h - 3*h - 3*v - 27 = 0, h = m*v + 13. Suppose -3*n + h = 3*r - 0*r, 3*n - 5*r = 27. Calculate the highest common divisor of 10 and n.
2
Let x be ((-6)/8)/3 - (-509)/4. Suppose 8*w - x = 129. Suppose -57 = -p - w. Calculate the greatest common divisor of 175 and p.
25
Let h(t) = -14*t**2 + 467*t - 9. Let w be h(31). What is the highest common divisor of 23998 and w?
338
Suppose 19*m - 56 = -a + 15*m, -5*a - 2*m + 280 = 0. What is the highest common divisor of a and 3192?
56
Suppose 271 = 5*w + 4*g, -4*g + 3*g - 301 = -5*w. What is the greatest common divisor of 37878 and w?
59
Suppose -7*w + 781 = -2953 - 2923. Calculate the greatest common divisor of w and 6.
3
Let r(h) = -3*h + 14. Let a be r(0). Suppose -5*d = -13*w + 17*w - 1170, -932 = -4*d - 4*w. Calculate the greatest common divisor of d and a.
14
Let k be (-3058)/(-253) + -12 - 40685/(-23). What is the greatest common divisor of 122 and k?
61
Suppose -55*b - 14*b = -27048. Calculate the greatest common factor of 245 and b.
49
Suppose 2*f = 6*f + 5*a - 104, -5*f + 12*a = -276. What is the highest common factor of 855 and f?
9
Suppose -3*l = -6, -3*s + l + 6449 = -50690. Calculate the greatest common factor of s and 21.
21
Let d(y) = 13*y**2 - 3*y + 4. Let r be d(1). Let w be 2/2 + (r/7 - -186). What is the greatest common divisor of w and 7?
7
Suppose -5*a + 48248 - 11513 = 0. Calculate the greatest common factor of 237 and a.
237
Suppose 35*w - 1088 - 333 = 259. What is the greatest common divisor of w and 1704?
24
Let x be 54/(-4)*(-294)/(-63). Let p be 6/(-9)*x/14 + 32. Calculate the greatest common factor of 315 and p.
35
Let j(a) = 4*a**2 - 10*a + 5. Let b be j(3). Calculate the greatest common factor of b and 3113.
11
Suppose -90*p + 105*p = 105. Suppose 0 = -3*h + 37 + 8. Let o be ((-126)/(-15))/(6/h). What is the highest common factor of o and p?
7
Let i = -42 + 59. Let y = -12 + i. Suppose -4*z - y*n + 278 = 61, 0 = -z + 2*n + 38. What is the greatest common divisor of z and 36?
12
Let x(j) = 155*j + 5502. Let i be x(-32). What is the greatest common factor of i and 28997?
271
Let n be ((-60)/(-2))/(-3) - (232 + -250). Let z be 6/(-21) + (-144)/(-14). Calculate the highest common factor of n and z.
2
Let j = 9907 + -2559. Calculate the highest common divisor of j and 22.
22
Let i be (-7)/(7/(-232)) - (-63 - -65). Calculate the highest common factor of i and 736.
46
Suppose -4*u + 364 - 350 = 5*c, 0 = 4*c - u - 28. What is the highest common divisor of 59 and c?
1
Suppose -1066 = -4*i - 214. Suppose -3*o - i = -2*y - 0*o, -2*o = y - 110. Calculate the greatest common factor of 12 and y.
12
Let z be (-60)/18*(-3 + 36/20). Suppose 24 = z*x - 20. What is the greatest common divisor of 319 and x?
11
Let f(w) = 184*w - 2741. Let j be f(15). Suppose -3*c - 2*c + 95 = 0. Calculate the greatest common factor of j and c.
19
Let v = 20287 - 19532. Calculate the highest common factor of v and 1812.
151
Suppose 587*w - 225504 = 239*w. Calculate the greatest common divisor of 552 and w.
24
Let c be (1*-2 - (-818)/(-8))/(147/(-14308)). Calculate the greatest common factor of c and 139.
139
Suppose 34 = -36*p + 38*p. Let b(l) = 3*l - 36. Let u be b(p). Calculate the highest common factor of u and 15.
15
Suppose -210*b = -213*b + 93. Suppose -b*g + 1375 = -26*g. What is the highest common divisor of g and 220?
55
Let g(t) = 2*t**3 - 11*t**2 + 44*t - 39. Let n be g(3). Calculate the highest common factor of 12480 and n.
48
Suppose -k = -26 - 94. Let y = k - 119. What is the highest common divisor of y and 16?
1
Let y = 23908 + -20248. Calculate the greatest common divisor of 80 and y.
20
Let r(c) = 6*c**3 - 7*c**2 + 6*c + 15. Let b be r(5). Let j = b - 360. What is the highest common divisor of 20 and j?
20
Suppose 0 = -58*w + 189542 + 273433 - 132723. What is the greatest common divisor of w and 6?
6
Suppo